98, -q - 59790 = -t + 312808. Is t a prime number?
False
Let b(q) = 6*q**3 + 7*q**2 + q + 10. Let u(m) = -m**3 + m**2 - m. Let s(n) = b(n) + 5*u(n). Let d(a) = a**3 + 7*a**2 + a - 5. Let p be d(-7). Is s(p) prime?
False
Suppose -b = -3*b - h + 9, -5*b = -3*h + 5. Let c be (-4 + (2 - b))/(-2). Let s(p) = 17*p**2 - 1. Is s(c) prime?
True
Let w(r) = -215*r - 5. Let h(a) = 644*a + 15. Let q(c) = 3*h(c) + 8*w(c). Let z(y) = -y - 1. Let n(k) = q(k) + 6*z(k). Is n(7) prime?
False
Suppose 0 = 3*a + 9, -124 = -2*m + 3*a + a. Let p be (m/35)/((-2)/(-5)). Suppose -2*l = -n + 2*n - 440, -p*n = l - 1781. Is n a composite number?
True
Suppose -s + 234721 + 93606 = -93232. Is s prime?
True
Let m = -494785 + 756744. Is m a composite number?
False
Let d(a) = 98*a**2 - 18*a - 27. Let x(n) = -49*n**2 + 9*n + 14. Let m(t) = 3*d(t) + 5*x(t). Let h = -15 + 10. Is m(h) a composite number?
False
Suppose 0 = 52*u - 7809690 - 2405034. Is u a prime number?
False
Is (631 - 0)/((-30)/(-2670)) composite?
True
Suppose -4*v = y - 20592, 8 + 12 = 5*y. Suppose -22*n = -21*n - v. Is n a prime number?
True
Let i(t) = 16*t**3 - t**2. Let b be i(1). Suppose 3*r = -3*x - 0*x - b, 0 = 3*r + 5*x + 25. Suppose 8*h - 12*h + 804 = r. Is h a prime number?
False
Let x = -542 + 545. Is 10188/x + 9 + -2 a prime number?
False
Let n be (0/1 - -2)*(-148)/8. Let d = 47 + n. Is (118/(-3))/(-3*d/315) a prime number?
False
Let v = -94 + 98. Is (12/v)/(3/(-5)) - -252 a prime number?
False
Let b(x) = -4*x + 39. Let o be b(8). Suppose o*k - 3997 = 19446. Is k a prime number?
False
Suppose -146282 + 826995 = -86*w + 8082647. Is w a prime number?
True
Let z(h) = 558*h**2 + 74*h + 717. Is z(-20) a prime number?
True
Let y(g) = 33*g**2 - 8*g + 1. Let o be y(-6). Suppose k - 1542 = o. Is k composite?
True
Let g = 101187 - 52760. Is g a prime number?
False
Suppose -4*l - 2*x = -2, 24*x - 21*x = -5*l. Suppose 0*u - l*n = -3*u + 27024, u + 3*n - 8996 = 0. Is u prime?
False
Let k be ((-29)/(-87) + 1/6)*54. Suppose 6*a - 16071 = -k*a. Is a a composite number?
False
Let p(i) = 67201*i**2 - 9*i + 25. Is p(2) composite?
False
Suppose -3*g - 33 = 2*z, 3*g - 7*g = -3*z + 44. Let r be -1*3 - (6 + g). Suppose 5*m + 3*w = 169, 3*m - 22 - 79 = -r*w. Is m prime?
False
Let o = -25 - -30. Suppose 4*h + v - 3484 = 0, -o*h + 4*h = -4*v - 871. Is h composite?
True
Let f(q) = 13*q**3 - 3*q**2 + 27*q - 15. Let p be f(6). Suppose -p + 24815 = 16*j. Is j a composite number?
False
Let i = 24 - 32. Let u be (-11)/44 + (-2802)/i. Suppose -u = -l + 3*a, -l - 3*a = l - 655. Is l prime?
False
Suppose -5*a + y = 153, 2*a = a + 5*y - 45. Let c = a + 26. Is c + 1/(4/2060) prime?
False
Let h = -70 - -85. Suppose -g - h = -15. Suppose -5*z = -10, -3*y + g*y = z - 383. Is y composite?
False
Let t be -1 + (-21)/(-15) - 9678/(-30). Is -20623*1/(-17) - 38/t prime?
True
Suppose -1180 + 108 = -s. Is ((-6)/14 - s/(-84))*33 a composite number?
True
Let a be -4*(-3)/24*6034. Suppose -3*c = -2*f - a, 8878 = -5*f + 4*c + 1346. Let y = f + 5141. Is y composite?
False
Suppose 0 = 104*t - 8395846 - 32271586. Is t prime?
False
Let b = -746501 + 1470156. Is b a composite number?
True
Suppose -14*g + 16*g + 13 = -3*s, 2*g + 5 = 5*s. Is s - (-4 - 8376)/2 a prime number?
False
Let f(y) = -2*y + 3. Let m be 14/(-10) + ((-21)/(-15) - 1). Let z be f(m). Suppose 7506 = 4*q - z*c - 60, -c = -q + 1891. Is q a composite number?
False
Let w(n) = 258*n**2 + 9*n + 1. Suppose 4*t + 55 = -7*t. Is w(t) prime?
False
Let t = 16311 - 6476. Suppose l + 8*h - 12*h = t, 5*h - 29522 = -3*l. Is l a composite number?
False
Suppose 25*v = 32*v - 28. Suppose y + 4*j = 2211, -4*y + 8824 = -0*j - v*j. Is y prime?
True
Suppose t + 6 = -2. Let n = t - -2. Is (-1990)/n - 2/3 a prime number?
True
Let t(b) = 184*b**2 + 61*b + 74. Is t(-19) prime?
False
Is (2564295/35)/(-2 - 155/(-70)) a composite number?
True
Suppose 5*r = -4*b - 27 + 10, -r = b + 4. Let m be -2416*(-1)/b*(-3)/2. Let c = m + -419. Is c composite?
True
Let i(z) = z**3 - 23*z**2 - 86*z - 34. Let u be i(29). Let f = u + -1259. Is f composite?
False
Let o(m) = -87*m + 2. Let f(a) = -a - 1. Let t(z) = -3*f(z) + o(z). Let d be t(-5). Let g = 982 - d. Is g a prime number?
True
Let k be 2*4*5*(-9)/(-90). Suppose -3*v = 4*f - 3*f - 11968, -3*v + 11993 = -k*f. Is v a prime number?
False
Let j(d) = -d**3 + 21*d**2 + 5*d + 25. Let p be j(18). Let h be -2 - (3 - (3 + p)). Let x = h + 314. Is x composite?
False
Suppose -22*d + 19*d + 5*i + 103254 = 0, -5*d + 4*i + 172103 = 0. Is d a composite number?
True
Let f be (-5 + 0)*(-12)/30. Suppose x + f*y - 3505 = 0, x + x - 5*y - 7037 = 0. Is x a prime number?
True
Let j be (4/5)/((-18)/(-45)). Let t(h) = 206*h**3 + h**2 + 2*h + 1. Is t(j) a prime number?
True
Is (-54446469)/(-121) - (-12)/66 a prime number?
True
Let y = 432276 - 159713. Is y prime?
True
Let l(k) = -k**3 + 33*k**2 + 50*k - 42. Let p be l(-25). Suppose h - 14397 = -5*v + p, -2*v - h = -19742. Is v a prime number?
True
Let o(q) = -q**3 - 5*q**2 + 2*q + 18. Let n be o(-5). Suppose -10*g = -n*g - 4. Suppose 2*t + g*t - 1340 = 0. Is t a prime number?
False
Suppose -3*r + 13 = 2*w, -3*r + 3*w = -r. Suppose -2*t - r*k = -127, 0*t - 3*k = -2*t + 157. Is t a composite number?
False
Let u = -50 - -54. Suppose 0*r - 14 = -5*l - u*r, 0 = 4*l - 2*r - 32. Suppose -5*v = l*c - 9*c - 1223, -4*v = 4*c - 1004. Is v composite?
True
Suppose 2*k - 3*k - 47 = -2*q, 3*k - 2*q = -149. Let x = k - -51. Suppose x = o + o - 514. Is o composite?
False
Let u = 893 + 121. Is (u/13 - 5*-1)*5 composite?
True
Let l(b) = -52 + 14 - 51 + 112*b. Is l(36) a prime number?
True
Suppose 4*o - 29 = 119. Let r = o + -21. Suppose 0 = 21*j - r*j - 485. Is j prime?
True
Suppose -3*t - 2*z = -146641, 5*t - 386929 = z - 142510. Is t a composite number?
False
Let w(b) = 141*b**2 + 30*b - 203. Let o(s) = -2*s + 22. Let j be o(6). Is w(j) a prime number?
True
Suppose -47 = -13*p + 18. Suppose -2*r + p*r + 4*y - 1166 = 0, 4*r = y + 1523. Is r prime?
False
Suppose -88*l + 30684640 + 8540508 - 11709924 = 0. Is l a composite number?
False
Let g be (-54)/(-27) + (4 - 1). Suppose -446 = -g*h + 209. Is h a prime number?
True
Let p = -469719 - -663368. Is p a composite number?
False
Let x = 86 - 170. Let b = x + 86. Suppose 5*n + b*u - 5*u - 6785 = 0, -3*n + 4071 = -5*u. Is n composite?
True
Suppose -29 = 4*t + 11. Let o = t + 5. Is (o/((-20)/(-476)))/(-1) prime?
False
Let z be (2 - 0) + 0 - 0. Let t(d) = d**2 + 5*d - 28. Let w be t(-8). Is (1349/z)/(w/(-8)) a composite number?
True
Suppose 5*u = 4*s - 6677, 71*s - 70*s - 2*u - 1664 = 0. Let f = -1211 - -3766. Let i = f - s. Is i a composite number?
False
Let o(c) = 2*c**2 - 38*c + 1. Let n be o(19). Is n*-4 + (-17 - -14050) composite?
False
Let p = 14460 - -7373. Is p + 1 + (-4 - -9) a prime number?
True
Let o = -1701 - -3650. Suppose 5*j + 2 = 7, -o = -4*v - j. Is v a composite number?
False
Let k be (-50)/(-5) + -6 + 8 + 1. Let x = 2192 - k. Is x composite?
False
Is 28401 + (0/3)/(17 + -21) a composite number?
True
Let g(m) be the second derivative of 35*m**4/6 - 4*m**3/3 - 5*m**2/2 - 5*m. Suppose 6 = -163*w + 161*w. Is g(w) composite?
True
Let n(r) be the second derivative of 13*r**4/4 + 29*r**3/6 - 19*r**2/2 + 34*r. Let d be n(-23). Is d*(-3)/(-15)*1 a prime number?
True
Suppose -r - 16*r = 136. Let v(t) = -166*t + 45. Is v(r) composite?
False
Suppose -6*u = 5*p - 5*u + 65686, -5*p + 3*u - 65702 = 0. Let t = p + 33209. Is t composite?
False
Suppose 12*i + 8090 = 7*i. Let v = -684 - i. Is v prime?
False
Suppose -1 = 3*n + 8. Let f(j) = 34*j + 2. Let w be f(n). Let m = -21 - w. Is m a prime number?
True
Suppose 720 = 2*j + 28*j. Is (-5727)/(-6) + j/(-16) composite?
False
Let o(i) = -i**3 - i**2 - 2*i - 5. Let b be o(-2). Let l(p) = 240*p**2 - 3*p + 2. Is l(b) composite?
False
Is 170096 - ((2 - 57/27) + (-338)/117) composite?
False
Is ((-9)/(-2))/3*14622060/90 composite?
False
Let w = 28470 - 13458. Suppose -6 = -3*r, -27*x + 3*r = -24*x - w. Is x prime?
False
Suppose 436642 = 5*h - 0*h + 108957. Is h a prime number?
True
Is (50/(-15) - -4)/((-7)/(10461192/(-16))) composite?
True
Is (2235594/(-8))/((-1161)/(-36) + -33) a prime number?
False
Let i = 626151 + 543376. Is i a composite number?
True
Let v = -395 - -420. Let g(k) 